inder when u is divided by 21.
14
Suppose q - 1084 = -1051 + 1763. What is the remainder when q is divided by 44?
36
Suppose -4*m = -5*p - 2*m + 52, -8 = -2*m. Suppose p*k - 9*k = -42. Let g = 5 - k. What is the remainder when 94 is divided by g?
18
Suppose -144*t + 139*t = -10. Suppose t*m = -v + 65, 0*m = -2*m - 4*v + 62. Calculate the remainder when m is divided by 22.
11
Suppose 40*i - 130 = 30. Suppose i*r - 37 = -5*x + 2*r, 2*x + 4*r = 18. Calculate the remainder when 117 is divided by x.
5
Let m(w) = -w + 1. Let v be m(1). Let k(s) = s**3 - s**2 - s + 6. Let b be k(v). Suppose -74 = -b*n + 52. Calculate the remainder when n is divided by 4.
1
Let g be -3*(3 + 28/(-12)) - -262. Let l = g - 235. What is the remainder when 52 is divided by l?
2
Let m(k) be the third derivative of k**5/20 + 5*k**4/12 - 20*k**3/3 - 73*k**2. What is the remainder when 372 is divided by m(-6)?
4
Suppose 0 = 3*k - 2*s - 254, -6*k + 172 = -4*k - 4*s. Calculate the remainder when 130 is divided by k.
46
Calculate the remainder when 26/(-104) - (23673/(-12) - (-3)/2) is divided by 25.
21
Suppose -1 = n, 23*p - 25*p + 1433 = -5*n. What is the remainder when p is divided by 74?
48
Calculate the remainder when (-7)/((-315)/40)*(-264942)/(-164) is divided by 71.
16
Let l(o) = 23*o**2 - 2*o - 1. Calculate the remainder when 346 - ((-2724)/4994)/(-1 + (-19)/(-22)) is divided by l(2).
81
Let q = 18662 + -18650. Let i = 88 - 56. Calculate the remainder when i is divided by q.
8
Suppose -22*m = -8*m - 20650. Suppose 6*j + m = 5*r + 9*j, 0 = 5*r - 5*j - 1475. Calculate the remainder when r is divided by 74.
73
Suppose 0 = 2*n - 6, -4*f + 839 = n - 580. What is the remainder when f is divided by 94?
72
Let d(u) = 61*u + 210. Calculate the remainder when 5033 is divided by d(24).
11
Suppose -3*f + 22 - 10 = 0. Suppose f*d - 4*a - 180 = 2*d, -4*d + 352 = -4*a. What is the remainder when d is divided by 3 + -1*(-21 - -2)?
20
Calculate the remainder when -235 + 1467 + 9*2 is divided by 140.
130
Let h(q) = -52*q**3 - 51*q**3 + 4 - 3*q**2 + 104*q**3 - 6*q. Let s = 110 + -105. What is the remainder when h(s) is divided by 9?
6
Calculate the remainder when 8/(-184) + 33812/46 is divided by 41.
38
Suppose -4*a - u = -3*a - 73, -2*u = a - 72. Let b(n) = -3*n**3 + 44*n**2 - 33*n + 24. Calculate the remainder when b(13) is divided by a.
70
Let j be 1*((-4 - -1 - -1) + -11). Let b = -101 + 145. Let x = b + j. What is the remainder when x is divided by 17?
14
Let m(f) = -f**3 + 4 - 20*f - 1 + 18*f + 8*f**2. Suppose -16*o + 2263 + 745 = 0. What is the remainder when o is divided by m(7)?
36
Let s = 1611 - 1607. Let o = 33 - 18. Calculate the remainder when o is divided by s.
3
Let v(g) = -2*g**3 + 24*g**2 + 35*g - 618. Calculate the remainder when 322 is divided by v(11).
7
Calculate the remainder when 560 is divided by 7 - (7 + 10 - 193).
11
Let r be -19 + 2/(-8) + 25/20. Let p = 72 + r. What is the remainder when p is divided by 24?
6
Suppose -5*a + 3*z + 383 = 0, 164*a - 169*a - 2*z + 403 = 0. What is the remainder when 4895 is divided by a?
76
Let t = -28 + 30. Suppose -t*n = 3*n + 25. Let r = n - -12. What is the remainder when 17 is divided by r?
3
Suppose 0 = -2*q + 73*o - 78*o + 323, -10 = -2*o. What is the remainder when 2084 is divided by q?
147
Let x = -228 + 232. Suppose -29 + 1 = -x*i. Let s = 18 - 10. What is the remainder when s is divided by i?
1
Suppose 6*o - 387 + 429 = 3*d, 0 = -3*d + 2*o + 34. Suppose 2*v + 1 = 7. Calculate the remainder when d is divided by v.
1
Suppose -68 = -2*g + 4*r + 94, 0 = -5*g + 4*r + 423. What is the remainder when 577 is divided by g?
55
What is the remainder when 706 is divided by (2 - 18/12)*24?
10
Let j(r) = 4*r**2 - 5*r + 3. Let o be (-19068)/35*(0 - 5/2). Suppose o + 1358 = 20*k. What is the remainder when k is divided by j(4)?
42
Suppose 452 = 15*h - 478. Calculate the remainder when 5/15*(3 + -11 + 611) is divided by h.
15
Suppose -4*y + 33 + 3 = 4*a, 0 = 4*a - 2*y - 42. Calculate the remainder when 635 is divided by a.
5
Let x(d) = -4*d + 47. Let c be x(15). Let v(h) = 3*h + 10. Let j be v(6). Let s = j + c. What is the remainder when s is divided by 4?
3
Suppose 32 = b + 13. What is the remainder when 3/(-6)*(-264 + 6 + 4) is divided by b?
13
Let m(c) = -2*c + 1. Suppose -6 = -8*g + 11*g, h - 3*g = 24. What is the remainder when h is divided by m(-1)?
0
Suppose 0 = -4*l + 4*s + 6020, 11*l + 3*s - 4521 = 8*l. Let v = 1549 - l. Suppose -n = 3 - 26. Calculate the remainder when v is divided by n.
20
Let p = 567 - 566. What is the remainder when 31 is divided by (p - -1*6)*(-250 + 251)?
3
Suppose -u + 692 = 2*u + 5*n, -1168 = -5*u - n. Suppose o = -5*z + 275, 4*z - 7*o + 5*o - u = 0. What is the remainder when z is divided by 21?
14
Suppose -j = -3*n + 129 - 153, 2*j - 111 = -3*n. What is the remainder when 256 is divided by j?
31
Let f = 256 - 169. Suppose 0 = -5*l - 14 - 126. Let d = l - -51. What is the remainder when f is divided by d?
18
What is the remainder when (16/(-28))/(6/(-7329)) is divided by 177?
167
Calculate the remainder when ((-4026)/55 - 15)/(34/20 - 2) is divided by 292.
2
Let g(z) = -z**2 + z + 4. Let j be g(3). Let h(y) = -4*y. Suppose 4*c - 2*c - r = 13, -12*c = -r - 73. What is the remainder when h(j) is divided by c?
2
Let y be (32/(-24))/((-2)/9). Suppose 0 = -y*k + 15*k - 828. Suppose 0 = -3*o + s + 91, 3*o - k = -0*s + 2*s. What is the remainder when 59 is divided by o?
29
Let u(y) = -16*y + 79. Let c be u(5). What is the remainder when (-60)/50*-270 - (c + -2) is divided by 41?
40
Let u be (-4)/(-7) + 68/(-119). Suppose 2*r - 3*t - 9 = 0, -5*r + 2*t + u*t + 17 = 0. What is the remainder when 22 is divided by r?
1
Suppose -176 = -7*k + 797. Suppose 0 = 7*g - k - 64. Calculate the remainder when 80 is divided by g.
22
Let p = -237 - -254. What is the remainder when 75 is divided by p?
7
Let p be -1 - 1 - -7 - (-7 + 5). Suppose -p*o + 4*o + 20 = -n, o = 4*n + 3. Calculate the remainder when 139 is divided by o.
6
Let o = 12486 + -12310. What is the remainder when o is divided by 85?
6
Let d(u) = -1678*u - 25153. Let q = -71 + 27. Let m = 109 + q. Calculate the remainder when m is divided by d(-15).
14
Suppose -163*z + 113 = -162*z - 5*v, -4*v - 452 = -4*z. Let i = -95 - -173. Let a = z - i. Calculate the remainder when 101 is divided by a.
31
Suppose -1570*z + 253 = -1559*z. What is the remainder when 3858 is divided by z?
17
Suppose 2684 = 25*h + 41*h - 5*h. Calculate the remainder when 262 is divided by h.
42
Let t = 733 - 731. Suppose -970 = t*d - 4*d - 2*m, -4*d + 4*m + 1924 = 0. Calculate the remainder when d is divided by 11.
10
Let x = 1559 - 1532. What is the remainder when 2698 is divided by x?
25
Let a(r) = -r**2 + 6*r - 6. Suppose 2*j - 42 = -4*j. Suppose 10 = k + j. What is the remainder when 26 is divided by a(k)?
2
Let z(t) = 135*t - 1766. Calculate the remainder when z(16) is divided by 108.
70
Suppose i = s, 4*i = 5*s + 8*i. Let g(c) = c**3 - 3*c**2 - c + 70. What is the remainder when g(s) is divided by 38?
32
Suppose -343 = -5*v + 2*s, -36 = -3*v + 2*s + 173. What is the remainder when 159 is divided by v?
25
Let o = -14 + 9. Suppose -14*b + 0*b - 28 = 0. Calculate the remainder when 16 is divided by (-76)/o + b + 2/(-10).
3
Calculate the remainder when (-24)/(-36) + -1466*(-2)/12 is divided by 70.
35
Suppose 6*n - 707 = -n. Let m be (2 - 3)*(50 + 2). Let z = -18 - m. Calculate the remainder when n is divided by z.
33
Suppose 21255 = 144*n + 5991. Calculate the remainder when 247 is divided by n.
35
Suppose 20*b = 21*b - 6. Suppose -3*r = -7*r + 20, -r + 15 = 2*o. Calculate the remainder when o is divided by (2/b)/((-4)/(-12)).
0
Suppose -3*d + 3 = -4*p, -p + 5 = 2. Let f(s) = s**3 + 5*s**2 + 6*s + 12. Calculate the remainder when f(-3) is divided by d.
2
Let w = -368 - -411. Suppose -44*x + w*x = -18. What is the remainder when 24 is divided by x?
6
Let r(c) = -c**3 - 2*c**2 - 6*c + 328. What is the remainder when r(-13) is divided by 11?
10
Suppose 0 = 7*b - 68 - 23. Calculate the remainder when b is divided by 9 + -7 + 5 + 1 + -3.
3
Suppose -l + 2*l = 6*l. Calculate the remainder when (2 - l)*(-8)/(-16) is divided by 1.
0
Let r = 433 - 354. Let j = 387 + -155. Calculate the remainder wh